3 + -1 - m - -2. Let h(r) = 0 + 1 - r - 3. Determine h(v).
-7
Let y(v) be the third derivative of 0 - 1/24*v**4 + 0*v + 3/2*v**3 - v**2. What is y(0)?
9
Let q(m) = 13*m**2 - 6*m - 4 - 7*m**2 - 7*m**2. Suppose 3*c - 24 = 7*c. Calculate q(c).
-4
Let b(r) be the second derivative of 5*r + 0 - 1/6*r**3 - 1/20*r**5 - 2*r**2 + 1/4*r**4. Determine b(3).
-7
Let o be -3*(-2)/6 - -2. Suppose 0 = o*d + d - 16. Let r(x) = -x**3 + 5*x**2 - 5*x + 1. Give r(d).
-3
Let b(m) be the third derivative of 0 + 0*m + 1/30*m**5 - 1/8*m**4 - 1/3*m**3 - 9*m**2. Determine b(3).
7
Suppose -2*w = -4*a + 6, 8*a - 3*a - w = 6. Let b(p) = -9*p**3 - 2*p**2 + 2*p - 1. Give b(a).
-10
Let c(y) = y**3 - 4*y**2 - 3*y - 5. Let g be c(5). Let z(i) = 2 - 1 + 2*i**2 + 3 + g*i - i**2. Calculate z(-4).
0
Let i(m) be the second derivative of m**4/12 + 2*m**3/3 + 5*m**2/2 + 39*m. What is i(-3)?
2
Let p(d) = 3*d - 4. Let n = -27 - -30. What is p(n)?
5
Let h = -18 - -22. Let n(r) be the first derivative of 1/4*r**h + 1/2*r**2 - 2 - r - r**3. Determine n(2).
-3
Let v = 8 - 6. Let r = v + 0. Let m(j) = 10*j**2 + 2*j + 4. Let o(b) = -9*b**2 - b - 3. Let t(h) = r*m(h) + 3*o(h). What is t(1)?
-7
Let s(y) be the first derivative of -4 - y**2 + y + 1/2*y**4 - 2/3*y**3. What is s(2)?
5
Let l(h) be the second derivative of 4*h**3/3 - h**2 - 8*h. What is l(2)?
14
Let w(v) = -17*v + 2. Let k(z) = -8*z + 1. Let t(c) = 13*k(c) - 6*w(c). Suppose 18 = -y - 0*y. Let d be (-9)/y - (-1)/2. What is t(d)?
-1
Let v(q) be the first derivative of -7*q**2/2 + 7. Let h(f) = f**2 - 11*f + 9. Let d be h(10). Give v(d).
7
Let u(y) = -y**2 + 6*y + 2. Let j = -4 - -11. Calculate u(j).
-5
Let g(z) be the second derivative of z**6/36 - z**5/60 + z**4/24 + z**3/6 - 6*z. Let p(n) be the second derivative of g(n). What is p(1)?
9
Let b = -30 + 30. Let d(y) = -y + 14. What is d(b)?
14
Let r be (3/6)/(2/12). Let b(u) = 2*u**r + 5*u**2 - 7*u**2 + 2*u - 3*u + 2 - 1. Calculate b(2).
7
Let z(i) = -i + 9. Let y(q) = 2*q - 2. Let w be y(5). Calculate z(w).
1
Let f be (-4 + 2)*2*(-10 + 9). Let k(s) = s**3 - 4*s**2. What is k(f)?
0
Let t(c) = c + 8. Let m be t(-6). Let f = 7 - 5. Let p(y) = f + m + 2 + 0*y - y. What is p(0)?
6
Suppose -17*o + 12*o = -5. Let p(b) = -7*b**3 - 2*b**2 + b. Determine p(o).
-8
Let c(a) = -3*a**2 + 2*a + 1. Suppose -3*y - y + 12 = 0. Let t = -4 + y. What is c(t)?
-4
Let z(p) be the first derivative of p**4/4 + 2*p**3 + 4*p - 5. Give z(-6).
4
Let q(l) = -l**2 - 2 + 0*l**2 + 3 + 5*l + 1. Calculate q(4).
6
Let b = 2 - 1. Let q(v) = 2*v - b - 1 - v. Let p(x) = x - 10. Let y be p(8). What is q(y)?
-4
Let n(f) = f**3 - 4*f**2 + 4*f - 2. Suppose -3*p + 24 = p. Let r(t) = -3*t**2. Let k be r(-1). Let h = p + k. Give n(h).
1
Let y(i) = -i**2 - 1. Let p be y(1). Let b(q) = 5*q + 3. Determine b(p).
-7
Let z = 2 - 0. Suppose -2 = z*r - 6. Suppose -r = -k - 0. Let l(x) = x**3 - 4*x**2 + 4*x - 3. Give l(k).
-3
Suppose -5*c = 5*j - 35, c + 4*c = j - 1. Let z(l) = -11*l - 11. Let d(h) = -5*h - 5. Let i(r) = -9*d(r) + 4*z(r). Calculate i(j).
7
Let i(l) = l**3 + 4*l**2 + 3*l + 3. Suppose -a - 8 = -2*a. Suppose 0 = 6*p - 7*p + 3. Suppose 0 = 2*r + p*x + 13 + 8, r + a = -x. What is i(r)?
3
Let q(r) = -2*r**3 - 5*r**2 - 4*r + 1. Suppose -3*n = -3*w + 7*w + 3, -w = -5*n + 18. What is q(w)?
22
Let c(g) = -g**2 + 5*g. Let m be c(3). Let i(w) = -4*w + m*w - w. Give i(-1).
-1
Let u = 21 + -18. Let k(v) = 2*v**2 + v - 1. Give k(u).
20
Let y(r) = r**3 - 28*r**2 - 10 + 28*r**2 - 2*r + 9. Give y(-1).
0
Let l be 2/3 + (-16)/(-3). Let j(o) = -o - o + l - 1. Let m be (-10)/8*(-16 + 12). What is j(m)?
-5
Let s be (36 + -42)*2/4. Let n(w) = 3*w - 3. What is n(s)?
-12
Suppose -4*k - k + 10 = 0. Suppose -8 = -2*z, -2*u - 44 = k*u - 4*z. Let m be u/(-14) + (-9)/(-2). Let n(s) = -s**3 + 5*s**2 + 6. Give n(m).
6
Let t(u) = 6 - 2 + 2*u + 1. Let y(l) = -l**3 - l**2 + 2. Let c be y(-2). Let g = -11 + c. Give t(g).
-5
Let k = -99 + 99. Let z(r) = 4*r**3 + 4*r**2 + 4*r + 2. Let f(d) = 9*d**3 + 9*d**2 + 9*d + 3. Let y(t) = -3*f(t) + 7*z(t). Calculate y(k).
5
Let w(v) be the first derivative of v**4/4 - v**3/3 + v**2 - 3*v + 1. Let g be w(2). Let l(f) = f + 2. Calculate l(g).
7
Let b(k) = -k**3 - k**2 + 4. Suppose -15 = 5*n, 2*x - 3*n + 4*n = -3. Determine b(x).
4
Let n(l) be the second derivative of 2*l**3/3 + 3*l**2/2 - 16*l. Suppose -4*o - 5 = -3*x + 3, 2*o + x = -4. Calculate n(o).
-5
Let l(i) = i**3 - 3*i**2 - 5*i + 4. Let z(d) = d**2 - 3*d. Let t be z(4). What is l(t)?
0
Suppose 16 = -4*n, -5*c + n - 11 = 5. Let z be ((-3)/(-4))/(c/(-32)). Let v(j) = j. What is v(z)?
6
Let w(r) = -3*r**2 + 1. Let n(d) = d**2. Let s(y) = 4*n(y) + w(y). Give s(-2).
5
Let u be (-18)/(-4)*(-4)/2. Let p = u + 11. Let c(b) = b - 3*b + 5*b - b**p - b - 1. What is c(3)?
-4
Let v be ((-2)/(-4))/(9/126). Suppose -v*d - 25 = -2*d. Let y(f) = f + 5. Determine y(d).
0
Let x(t) = 3*t + 22. Let i be x(-6). Let p(l) = -l**2 + 3*l + 5. Give p(i).
1
Let d(h) = h - h**3 + 0*h - 6*h + 5*h**2. Let s(m) = m**2 + 4. Suppose -3*b - 2*y - 2*y - 20 = 0, 5*b - 20 = 4*y. Let u be s(b). Determine d(u).
-4
Suppose -o = -2*s - 3*o + 4, s + 4*o = 2. Suppose 6 = -4*v + s, 2*v + 27 = 5*b. Let z(q) = -4*q + 6*q**2 - 3*q + 4*q - 4 - q**3. What is z(b)?
6
Suppose 6*o - 28 = 2*o. Let m(w) = 2*w - 7. What is m(o)?
7
Let x(z) = -8*z - 1. Let i(k) = k**3 - 7*k**2 - k + 8. Let h be i(7). Give x(h).
-9
Let a(r) = -2*r + 14 + 3*r - 11. Let k = 4 + -9. Let x = 2 + k. What is a(x)?
0
Let m(h) = -2*h - 20. Let o be m(-9). Let p(l) = -l**2 + 3*l + 2. Determine p(o).
-8
Let p(b) = -b**2 + 2*b + 1. Let m = -29 + 30. Let d = 5 - m. Determine p(d).
-7
Let d(h) = -h + 1. Let l be (3 - 28/6)*-3. Determine d(l).
-4
Let o(z) be the first derivative of z**3/3 + 3*z**2 + 6*z - 4. Determine o(-5).
1
Let n(f) = f**2 + 4*f - 2. Let q be n(-5). Suppose q = r - 0. Let t(w) = 2*w**2 - 5. Let i(j) = j**2 + j - 1. Let v(l) = -i(l) + t(l). Determine v(r).
2
Let t = -14 - -8. Let s(l) = -1 + 0*l**2 - 7*l**2 + 3*l**3 - 4*l**3 - 6*l. What is s(t)?
-1
Let q(x) = x - 6. Let m(r) = r**3 - 5*r**2 + 5*r - 4. Let s be m(4). Suppose s = -2*b + 5*b. Give q(b).
-6
Let t(l) = -l**2 + 5*l + 2. Let p = -30 - -35. What is t(p)?
2
Let m be (0/(3 + -4))/(-2). Let c(p) be the second derivative of 1/6*p**4 + p**2 + m + 2/3*p**3 + 1/20*p**5 + 3*p. Determine c(-2).
-6
Let g(y) = -10 - 4*y + 0*y**3 + y**3 - 2*y**3 - 4*y**2 + 7. Suppose 2*b = -k + 13, 18 = 3*b + 3. Let z = -6 + k. Determine g(z).
0
Let o(r) = r**3 - 6*r**2 + 6*r - 1. Suppose -2*v = -6*v. Suppose -2*t - a - 3*a + 116 = v, 0 = -t - a + 57. Let d be t/12 + 1/3. Calculate o(d).
4
Let y(l) = -l**2 - 6*l + 8. Suppose 4*a + 6 = -d - 4, 3*a - 9 = 2*d. Calculate y(d).
8
Let k(q) = -5*q - 8. Let r(s) = 2*s + 4. Let p(w) = 4*k(w) + 9*r(w). Determine p(3).
-2
Let p(r) be the third derivative of r**5/12 - r**4/24 - r**3/6 + 5*r**2. Let w(j) = 6*j**2 - 1. Let l(n) = 5*p(n) - 4*w(n). Suppose c + 3 = 7. Calculate l(c).
-5
Let q = 71 - 68. Let x(v) = v**2 - 5*v - 4 + v + 3. Calculate x(q).
-4
Let d(x) = x**2 + 4*x + 1. Let r be (2 - 0)/1 - -14. Let p be -5*(r/10)/4. What is d(p)?
-3
Let a be (6/7)/((-5)/35). Let c be ((-15)/a - 2)*10. Let d(m) = -2*m + 5. What is d(c)?
-5
Let z(h) = -2*h**3 - h**2 + h - 1. Let q(v) = v**3 + v**2 - v - 1. Let i(g) = -3*q(g) - z(g). Calculate i(-3).
7
Let l = -8 + 4. Let f = -2 - l. Suppose 4*a - 3*a + f*h = 0, 0 = -h + 2. Let w(b) = -2*b**2 - 6*b - 1. Determine w(a).
-9
Let c(w) = 5*w**3 + w**2 - w - 1. Suppose -4*l + 5*m + 6 = 3*m, 5*m + 30 = -5*l. What is c(l)?
-4
Let m(n) = n**2 + n + 5. Let q be (-1 + 1)/(6/(-3)). Determine m(q).
5
Suppose 4*s + 0 = 20. Let r(n) = -n**2 + 5*n + 6. Give r(s).
6
Let c be (-9)/(9/(-3)) - 1. Suppose -f - 4*z + 7 = 3, 2*f = c*z + 8. Let h(m) = -m**3 + 3*m**2 + 4*m + 4. Determine h(f).
4
Let z be (-176)/(-32) - (-6)/(-4). Let c(b) be the first derivative of 2 + 0*b + 1/4*b**z - 2*b**2 - b**3. Calculate c(4).
0
Let j(f) = -2*f**2 + 2*f + f - 2*f. Give j(2).
-6
Let z = 5 + 1. Let k(j) = 3*j - 4. Let w(y) = 10*y - 12. Let r(t) = 7*k(t) - 2*w(t). What is r(z)?
2
Let c(i) = -i**2 + 6*i + 3. Let l be c(6). Let d(u) = -u + 5. Let q be d(4). Suppose 5*m = -l*k + 8, -m + 6*m - q = 4*k. Let s(t) = 4*t**3 + t. Determine s(m).
5
Let j(t) = 0*t**2 